se -j - q*i + 17 = 0, -4*i + 2 = -j - 9. What is the remainder when 9 is divided by j?
4
Let l = -34 - -19. Let p = l - -27. Suppose -5*g + 263 = t, -p = g - t - 61. What is the remainder when g is divided by 18?
16
Let p = -1 - -2. Let m be 5 + (-1 + p - 0). Suppose -m*h + 46 = -4. What is the remainder when h is divided by 4?
2
Let p(n) = n**3 + n**2 - 3*n + 17. Suppose -2 = -0*z + z. Let j = z - -34. What is the remainder when j is divided by p(0)?
15
Suppose 32 = 11*u - 12. Calculate the remainder when 9 is divided by u.
1
What is the remainder when (-19)/(-1)*(0 - -1) is divided by 10?
9
Let n(g) = -g**2 + 20*g + 54. Calculate the remainder when 39 is divided by n(22).
9
Let w(z) = -z - 2. Let b be w(-9). Suppose -k - 5 = -b. Calculate the remainder when k is divided by 2.
0
Let u = 31 + 31. What is the remainder when u is divided by 16?
14
Let z(c) = -c**2 - 8*c - 3. Let i = -3 + 3. Calculate the remainder when (4 + -49)*(i - 1) is divided by z(-5).
9
Let b = 32 - 14. Calculate the remainder when 50 is divided by b.
14
Let h(q) be the second derivative of 23*q**5/20 - q**4/6 + q**2/2 - q. What is the remainder when h(1) is divided by 6?
4
Let v(p) = -2*p**2 + 8 - 49*p + 61*p + p**2. Suppose 0 = -t - 0*t + 10. Calculate the remainder when v(10) is divided by t.
8
Let c(s) = 2*s**2 + 6*s - 7. What is the remainder when 51 is divided by c(2)?
12
Let z(c) = -2*c**2 + 3*c - c + 1 + 3*c**2. Let r = 0 - 3. What is the remainder when z(r) is divided by 2?
0
Let m(h) = 3*h**2 - 3*h - 2. Let w = -22 + 14. What is the remainder when (w - -1)*210/(-49) is divided by m(3)?
14
Let g be (-2)/5 - 34/(-10). Suppose -45 = -g*m + 3*r, m + 3*r = 6*r + 17. What is the remainder when 2/(-10) + 136/5 is divided by m?
13
Let p be (26/6)/(2/6). Let h(n) = 25*n**3 + n - 1. What is the remainder when h(1) is divided by p*2/(2 - 0)?
12
Calculate the remainder when 21 is divided by 4*(-55)/(-20) + -3.
5
Let h(b) = b**3 + 2*b**2 - 4*b. Let c be h(-3). Suppose -o = -0 - c. What is the remainder when 8 is divided by o?
2
Let h = 19 - 3. Calculate the remainder when 60 is divided by h.
12
Let n(s) = -20*s**2 - 4*s - 8. Let i be n(4). Calculate the remainder when ((-1)/(-2))/((-4)/i) is divided by 15.
13
Let l = 4 - 12. What is the remainder when 2/(-9) + 260/117 is divided by (4/l)/(2/(-8))?
0
Let m(q) = -q**3 + 8*q**2 - 6*q - 5. Let n = 16 - 10. What is the remainder when m(n) is divided by 11?
9
Let o = -16 + 21. Calculate the remainder when o is divided by 3.
2
Let b(z) = z**2 + 2*z - 1. Let j be b(-3). Suppose 4*o - j*d = o - 8, 0 = -3*d + 12. Suppose 4*k - 80 - 8 = o. Calculate the remainder when 65 is divided by k.
21
Let i(f) = f**3 - 8*f**2 + 3*f + 1. Suppose 0 = -3*l + 7*l - 20. Let a be i(l). Let n = 102 + a. Calculate the remainder when n is divided by 15.
13
Let l(q) = -9*q**3 + q**2 + 2*q + 1. Let g be l(-1). Suppose g*u = 4*u + 70. Calculate the remainder when u is divided by 8.
6
Suppose o - 2 = 3. Suppose 0 = 7*u - o*u - 2. What is the remainder when 2 is divided by u?
0
Suppose 0 = 3*w - 3, -2*u - 4*w + 9 = -u. Suppose 3*r - 7 = u. Let y = r - -1. Calculate the remainder when 13 is divided by y.
3
Let t(r) = -r**2 - 6*r - 3. Suppose -m + 5*c + 2 + 2 = 0, -5*m + 20 = -c. What is the remainder when m is divided by t(-5)?
0
Let d(x) = -x**2 - 4*x + 7. Let i be d(5). Let y = -25 - i. Calculate the remainder when y is divided by 4.
1
Let r = 16 + -15. Let y(o) = 12*o**3 - 2*o**2 + 1. What is the remainder when y(r) is divided by 4?
3
Let z(y) be the first derivative of -y**4/12 - 5*y**3/6 - y + 1. Let b(l) be the first derivative of z(l). Calculate the remainder when 10 is divided by b(-4).
2
Let v = 2 + 2. Suppose -v*g + 8*g = 52. Calculate the remainder when 51 is divided by g.
12
Suppose -3*w + 0*w - 119 = -5*p, 4*p + 5*w = 110. Let q(g) = g**3 + 20*g**2 - 21*g + 14. Calculate the remainder when p is divided by q(-21).
11
Let q(x) be the third derivative of x**5/60 - x**4/3 + x**3/3 - x**2. What is the remainder when q(11) is divided by 18?
17
Let i(c) = -c - 8. Let f be i(-12). Suppose f*q = 68 + 64. Calculate the remainder when q is divided by 18.
15
Let x = 15 - 24. Let f(l) = l**3 + 10*l**2 + 8*l + 1. Calculate the remainder when f(x) is divided by 3.
1
Calculate the remainder when 46 is divided by -6*(14/21)/(2/(-8)).
14
Let r(b) = -8*b**3 + 2*b**2 + 2*b + 1. Let h be r(-1). Let x(w) = -w**2 - 10*w - 9. Let d be x(-9). Calculate the remainder when 9 + h/3 + d is divided by 7.
5
Suppose -5*k - 4*l + 381 = 0, l + 2*l = 4*k - 311. Let m = -16 + 36. What is the remainder when k is divided by m?
17
Let p(z) be the first derivative of 13*z**3/3 - z**2/2 - z + 1. Suppose 48*f - 720 = 8*f. Calculate the remainder when p(-2) is divided by f.
17
Let z(f) = 2*f + 2. Let y(a) be the second derivative of a**3/3 + a**2 + 2*a. Let h(m) = -2*y(m) + 3*z(m). What is the remainder when 17 is divided by h(2)?
5
Let g = 10 + -8. What is the remainder when 5 is divided by g?
1
Let o be (38 + 0)/(-2 - 0). Let l = o - -33. What is the remainder when 25 is divided by l?
11
Let v = -35 - -6. Let b = -40 - v. Let w = b - -29. Calculate the remainder when 69 is divided by w.
15
Let k(g) = -g**2 + g - 5. Let d be k(0). Let j = d - -21. Let a(u) = u**2 + 6*u - 10. What is the remainder when j is divided by a(-8)?
4
Suppose 5*k = -p + 7, 5*p - 3*k - 102 - 17 = 0. Calculate the remainder when 63 is divided by p.
19
Let n(k) = k**2 + 4*k + 10. Calculate the remainder when (-42 - 1)*1*-1 is divided by n(-5).
13
Let w = -90 + 134. Calculate the remainder when w is divided by 17.
10
Suppose 8*p - 5*p - 180 = 0. Suppose 4*m + m = p. What is the remainder when 46 is divided by m?
10
Suppose p + 0*p + 11 = 2*f, -3*p - 9 = 0. Calculate the remainder when 31 is divided by f.
3
Suppose 0 = 5*h - 5. Suppose 4*b = -9 + h. Calculate the remainder when 1 - (1 + 1)/b is divided by 2.
0
Let a = -23 - -243. Suppose 2*l + v - 65 = l, 2*v = 3*l - a. Calculate the remainder when l is divided by 18.
16
Suppose -o - 2 = -4*t + o, -4*t + 4*o = -12. Let r = 4 - t. What is the remainder when 11 is divided by r?
5
Let d be (-23)/(-2)*(1 + -3). Suppose -4*f - 184 = f + t, 0 = -3*f + t - 104. Let s = d - f. What is the remainder when 24 is divided by s?
11
Suppose j - 2*d = -0*j - 6, 4*j - 5*d + 27 = 0. What is the remainder when 16 is divided by (36/j)/(6/(-8))?
4
Let j = 7 + -3. Suppose 0*y + 12 = j*y. What is the remainder when 4 is divided by y?
1
Suppose 2*x - 1 - 3 = 0. Calculate the remainder when 508/12 - x/6 is divided by 11.
9
Suppose -7*r + 27 = -6*r. What is the remainder when 77 is divided by r?
23
Let d = 118 - 78. Let n be 1/(-1)*(-2 + 0). Suppose n*r - 29 = -1. What is the remainder when d is divided by r?
12
Let c = 3 + 3. Let x(s) = s**3 + 3*s**2 + 4*s + 2. Let u be x(-2). Calculate the remainder when 28 is divided by u/c + 138/9.
13
Suppose 5*n + 12 = -4*g, -2*g = 4*n - 9 + 21. Let c = -25 - -44. Let i = c - g. Calculate the remainder when i is divided by 6.
5
What is the remainder when 72 is divided by (1/(-3))/(13/(-975))?
22
Let m be (-3)/12 - 26/(-8). Suppose -u + 0*u + 4*s + m = 0, -u + 3 = 4*s. Calculate the remainder when u is divided by 3.
0
Calculate the remainder when (-3)/(6/(-44)*1) is divided by 5.
2
Suppose 3*m = 0, -v - m = -3*m - 51. Let s = 67 - 40. Calculate the remainder when v is divided by s.
24
What is the remainder when 47 is divided by (16/(-8))/((-4)/50)?
22
Let w be 7 - (0 - 16/(-4)). Suppose 0 = w*r - 10 - 17. Calculate the remainder when 24 is divided by r.
6
Suppose u = -2*c + 3*c - 12, 3*u = -3*c + 66. Let w = 15 + c. What is the remainder when w is divided by (-1 - -2)/((-2)/(-22))?
10
Suppose -4*a = 4*m - 52, 6*m - 20 = -2*a + 2*m. Let f be ((-12)/a)/((-2)/(-32)). Let l = 4 - f. Calculate the remainder when 46 is divided by l.
14
Suppose -4*i = 5*x - 60, 4*x - 12 = -i + 36. Let o = 7 + x. Calculate the remainder when o is divided by 5.
4
Let i(d) = 3*d - 2. Let x(r) = 2*r - 2. Let u(q) = 3*i(q) - 2*x(q). Let s = 10 + -3. What is the remainder when u(s) is divided by 17?
16
Suppose 0*t + 38 = 2*t. Let p = 1 - -4. Suppose -2*a = -p*a + 21. What is the remainder when t is divided by a?
5
Let b be (9/(-3) + -1)*-1. Suppose 3*q = -2*a - 26, 2*q + 10 = 3*q - b